 p = 528 - 696. What is the tens digit of 4 - ((-4)/42 + 110528/p)?
6
Let g = -5 + 14. Let j be (214/(-3))/(((-60)/g)/10). Suppose 2*z = j - 11. What is the tens digit of z?
4
Suppose -4*b + 2*i = -241550, -47*b + 3*i + 60390 = -46*b. What is the thousands digit of b?
0
Let k = 15725 + -1919. Suppose 22*p = 11472 + k. What is the hundreds digit of p?
1
Let g be (-3)/(-1) - ((-2)/2 - -1). Suppose -8*o + 4378 = g*o. What is the units digit of o?
8
What is the hundreds digit of 216/(1764/(-49))*-193*(2 + -1)?
1
Let z = -6841 - -10584. What is the tens digit of z?
4
Suppose 0*u - 4*u = -3*u. Suppose -4*l + 925 + 75 = u. Let n = l - 129. What is the units digit of n?
1
Let k(r) = 684*r - 17 + 85 + r**3 - 24*r**2 - 708*r. What is the hundreds digit of k(27)?
6
Let s = -24925 - -31874. What is the hundreds digit of s?
9
Let b = 33 + 51. Let c = -81 + b. Suppose -5*w + c*m = -540, 2*w - 206 = -m + 21. What is the tens digit of w?
1
Suppose 62054 = v + 24*v - 12196. What is the thousands digit of v?
2
Let t(v) = -33*v**2 - v - 8. Let m be t(3). Let g = m - -552. What is the hundreds digit of g?
2
Suppose 20 = -4*n, -4*i + 19*n - 21*n = -12674. What is the units digit of i?
1
Let l(d) = 15*d**2 - 2*d + 2. Let v be l(1). Let o be ((-9)/v)/((-2)/890). Let t = o - 139. What is the units digit of t?
8
Let v = 78 + -81. What is the tens digit of 83/v*(-18 + 6)?
3
Suppose -6*q + 2*q = -864. Let x be -3*(53 - 3/1). Let k = x + q. What is the units digit of k?
6
Let p be ((-16)/(-10))/((-6)/(-195)). Let c(w) = w**3 - 51*w**2 - 27*w - 227. What is the tens digit of c(p)?
7
Let h(u) = -4*u + 60. Let a be h(25). Let b = a + 40. Suppose -r + 73 + 45 = b. What is the tens digit of r?
1
Let u(f) = 8*f - 14. Let t be u(2). Suppose -4*j - 5*a + 571 = -t*j, 0 = j - 2*a - 290. What is the tens digit of j?
8
Suppose 0 = 18776*o - 18812*o + 796104. What is the hundreds digit of o?
1
What is the hundreds digit of 1524929/343 - 2/(-14)?
4
What is the tens digit of 36146/11 + (1 - -7)?
9
Let t(b) = -3349*b - 17082. What is the units digit of t(-22)?
6
Suppose 2*w - 3 - 1 = 0, -v + 4*w - 6 = 0. Let i(o) = 3 + 6 + 1 - 13*o - 1 + 2*o**v. What is the tens digit of i(9)?
5
Suppose -84*l - 10788 = -78*l. Let r = -684 - l. What is the units digit of r?
4
Suppose 3*d = -d - 48. Let o be (13/6 - 2)/((-2)/d). What is the tens digit of (21 - 2) + o + 1?
2
Suppose -8*m - 4902981 = -119*m. What is the hundreds digit of m?
1
What is the tens digit of (-4)/(8/(-13766)) - -6?
8
Let r = 3257 + -2806. What is the hundreds digit of r?
4
Let t(x) = x**3 + 8*x**2 + 10*x + 6. Let d be t(-5). Let b = d - 21. Suppose 0 = b*h - 7*h - 237. What is the units digit of h?
9
Let i(v) be the first derivative of -v**5/12 - 11*v**4/8 - 16*v**3/3 - 11. Let g(k) be the third derivative of i(k). What is the units digit of g(-16)?
7
Let x(k) = 43*k + 1. Let p be x(3). Let q = p + -3. Let c = 69 + q. What is the units digit of c?
6
What is the thousands digit of (((-132)/(-14))/(-11))/((-12)/25676)?
1
Let y = 38 - -52. Let c be (-4)/30 - 28*6/y. Let u(k) = 18*k**2 + 5*k + 9. What is the units digit of u(c)?
1
Suppose -140*t - 1498226 = -3656466. What is the ten thousands digit of t?
1
Suppose -19*i - 3264 = -11*i. Let s = i - -737. What is the hundreds digit of s?
3
Let m(u) = 9*u**2 - 102*u - 3*u**2 + 119*u - 184. What is the hundreds digit of m(11)?
7
Let j be (9/5)/(18136/(-18160) - -1). Suppose -f + j = 122. What is the thousands digit of f?
1
Let g be 1/((-1)/(-3)*3). What is the units digit of g/(4/353) + (-33)/132?
8
Let g(y) = y**2 - 38*y + 116. Let r be g(35). Suppose -2410 = -r*q + 7193. What is the tens digit of q?
7
Suppose 4*o - 5*t + 2*t = 13, 0 = -5*t + 25. What is the hundreds digit of 409 + (11 - (0 + o))?
4
Suppose 4*h - 7522 = 2*k, 1870 = 13*h - 12*h + 3*k. What is the hundreds digit of h?
8
Suppose 3*f - 4*m = 26994, -f - 3*m - 28 = -9039. What is the thousands digit of f?
9
Let s(i) = -9*i - 52. Let c be s(-7). Suppose -5*l = 2*q + c + 10, -q = 3*l + 12. What is the hundreds digit of ((-17)/l)/(2/84) + 0?
2
Let n = 297 + -189. Let t = 273 - n. What is the hundreds digit of t?
1
Let x be 1*10*(224/(-40) + 6). Suppose 0 = x*k + 5*a - 2875, 9*k = 7*k + 2*a + 1424. What is the tens digit of k?
1
Suppose 0 = 3*l - 2*y - 1170 - 912, 3*l - 5*y - 2091 = 0. Let g = -632 + l. What is the tens digit of g?
6
Suppose 1360 = 13*l - 3*l. Suppose 0 = l*k - 129*k - 3836. What is the hundreds digit of k?
5
Suppose 21*x - 397726 = 1219295. What is the units digit of x?
1
Suppose 4*n = 4*l - 3164, 1582 = -0*l + 2*l + 2*n. Let v = 1329 - l. What is the hundreds digit of v?
5
Suppose -365*w + 3115580 + 18916971 = -5651969. What is the hundreds digit of w?
8
Let w(m) = -354*m. Let d be w(1). Let h(q) = -4*q + 8. Let a be h(6). What is the units digit of (d/8)/(12/a)?
9
Let u = 1021 + -1128. Let q(d) = -d + 5. Let i be q(6). Let h = i - u. What is the units digit of h?
6
Let j = 15 + -11. Suppose -288 = -j*l + 2*m, 0*m + 72 = l + 4*m. Suppose -2*f = 2*f - l. What is the tens digit of f?
1
Let z be (1095/24)/5 + 1/(-8). Suppose -5*i - 3336 = -z*i. What is the tens digit of i?
3
Suppose 0*n + 16 = -2*n - 4*u, 5*u = 4*n + 19. Let x be (-1476)/28 - n/(-21). Let w = x - -62. What is the units digit of w?
9
Let v(m) = m**3 + 2*m**2 - m - 2. Let y be v(1). Suppose -3*w + 3 - 6 = y. What is the tens digit of (16/5)/(174/170 + w)?
3
Let k(s) = s**2 + 4*s - 44. Let y be k(-26). Let f = y - 297. What is the units digit of f?
1
Let w(p) = 35*p**3 + 4*p**2 + 2*p - 1. Let y be w(3). What is the tens digit of (0 - y)/((100/(-5))/10)?
9
Let b = -40302 + 72686. What is the tens digit of b?
8
Let h be (15/45)/(2/66). Let y(g) = 67*g - 156. What is the units digit of y(h)?
1
Let j = 5212 + -5215. Let n(t) = t**3 + 2*t**2 + 2*t + 2. Let h(a) = -a**3 - a**2 + a - 1. Let c(s) = 2*h(s) - n(s). What is the units digit of c(j)?
1
Suppose 29 = -5*l + 2*r, -23 = 5*l + 2*r - 2. Let b(n) = n**3 - 7*n**2 + 7*n + 2. Let j be b(7). Let m = j - l. What is the tens digit of m?
5
Let p = 143 - -137. What is the thousands digit of ((-1233)/15)/((-7)/p*2)?
1
Let s(z) = -z + 13. Let w be s(9). Let g(n) be the third derivative of n**6/40 - n**5/12 - 5*n**3/3 + 4*n**2. What is the units digit of g(w)?
2
Let b(a) = -8*a + 68. Let c be b(8). What is the hundreds digit of (1835/(-10))/(c/(-24)*3)?
3
Suppose 95*a - 78*a - 126956 = 0. What is the thousands digit of a?
7
Let q(x) = 18*x**2 + 500*x - 506*x - 73 + x**3 + 9*x**2. What is the tens digit of q(-26)?
5
Let s be ((-1)/(-3))/((-5)/(-150)). Let i(w) = -w + s*w**2 + 3 + 7 + 5. What is the tens digit of i(5)?
6
Let c be (0 - -1)/((-3)/123). Let b be ((-1)/((-8)/30))/((-2)/8). Let y = b - c. What is the units digit of y?
6
Let r(j) = j**2 - 10*j + 9. Let k be r(12). Suppose 0 = 37*s - k*s - 12. Suppose -4*d + 15 = -d, 0 = -t - s*d + 52. What is the units digit of t?
7
Suppose -5*z - 4 = u, 4*z + u - 2*u = 4. Suppose z*j - 3*j = -24. Suppose j*b = 3*b + 590. What is the tens digit of b?
1
Suppose -i = 5*z - 20, -4*i + 3*i + 8 = 2*z. Suppose i = -11*f + 2078 + 430. What is the units digit of f?
8
Suppose -10*i + 6*i = -132. Suppose -i*f + 3420 = -24*f. What is the hundreds digit of f?
3
Let h(u) = -7*u + 241. Let f be h(37). Let n(r) = r**3 + 20*r**2 + 31*r + 5. What is the units digit of n(f)?
5
Let f = -67061 - -101842. What is the hundreds digit of f?
7
Let t(k) = -125*k - 3268. What is the thousands digit of t(-83)?
7
Suppose 76*d = 3*v + 80*d - 28400, 18930 = 2*v + 2*d. What is the hundreds digit of v?
4
Suppose -4*z - 156 = 3*g, 4*z + z - 3*g = -168. Let x = 144 + z. Suppose k - i - 33 = -5*i, 5*k - x = -i. What is the tens digit of k?
2
Suppose 0 = 5*v - 110 - 40. Suppose 0*q = -5*q - 2*r - 656, 5*r = -2*q - 254. Let a = v - q. What is the units digit of a?
2
Let a = 4120 - -16329. What is the tens digit of a?
4
Let f(g) = 3*g - 34. Let k be f(17). Let n(x) = 9*x - 49. Let j be n(k). Suppose -j = -4*z + 4*t + 328, 3*t + 219 = 2*z. What is the units digit of z?
5
Let z(u) = 8*u**2 - 11*u + 7. Let h be (-68)/(-12) - 4/(-3). What is the hundreds digit of z(h)?
3
Let x(t) = -t - 12. Let y be 4 + -4 + 1 + -14. Let a be x(y). What is the units digit of (2 + a)*((-230)/(-3) + -1)?
7
What is the hundreds 